a = -10 + i. What is v(a)?
6
Let d(p) = p**3 + 8*p**2 + 6*p - 4. Suppose -3*n = -8*n - 35. What is d(n)?
3
Let z(b) be the third derivative of 0 + 0*b - 3*b**2 - 17/6*b**3 - 1/3*b**4. Let u(d) = 3*d + 6. Let q(k) = -17*u(k) - 6*z(k). Calculate q(-2).
6
Suppose 0 = 3*b - 3. Suppose b = -4*s - 19. Let c(p) be the third derivative of p**6/120 + p**5/15 - p**4/8 + p**3 + p**2. What is c(s)?
-4
Let z(s) = 0*s - 1 + 2*s + 2*s. Let d(l) = -2*l - 7. Let k be d(-4). Let o be z(k). Let u(h) = -h**3 + 3*h**2 + h + 3. What is u(o)?
6
Let c(y) = 2*y + 1. Let w = -40 + 37. What is c(w)?
-5
Let g(k) = k + 1. Suppose -2*m + 2 = 0, -3 = -w + 3*m - 1. Give g(w).
6
Let t(j) = 2*j**2 - 2*j + 1. Let z = 17 - 14. Let x be -3 + (-6)/(-3) + z. Give t(x).
5
Let l(f) = -f**3 + 6*f**2 - 4*f - 2. Suppose 2*x - 1 - 7 = 0. Calculate l(x).
14
Let r(u) = 11 + 62*u - 4 - 63*u. Give r(4).
3
Let w(z) = 5*z**3 + z**2 - 1. Let v be w(1). Let n(c) = -2*c + 1 - 2*c + 3*c - v. Calculate n(6).
-10
Suppose -a - 4*a = -10. Let r(m) = m**2 - a + 4 - 2 + 1 - 2*m. Let n be 4/10 + 13/5. Calculate r(n).
4
Let k(s) be the third derivative of 1/120*s**6 + 1/6*s**4 + 2*s**2 + 0 - 1/12*s**5 - 5/6*s**3 + 0*s. Let v = -1 + 5. Determine k(v).
-5
Let g be 2/(2/(-6) - -1). Let t(j) = -j + g*j - 3 - 6*j. Let y = -4 + 2. Calculate t(y).
5
Let p = -6 - 1. Let f(q) = -q**3 - 8*q**2 - 6*q + 5. Determine f(p).
-2
Suppose -3*u - u + 3*x + 18 = 0, -2*u + 14 = -4*x. Suppose -u = 3*d - 0, 3*n + 3*d = -18. Let t(a) = a**3 + 5*a**2 - 4*a - 7. What is t(n)?
13
Let f(b) = 5*b + 3. Let p = 1 - -3. Let v(o) = o**2 - 6*o + 6. Let k be v(p). Determine f(k).
-7
Let u(w) be the first derivative of w**4/4 + w**3/3 + 9*w + 6. Determine u(0).
9
Let h(p) = p**2 - p + 2. Let j = -16 + 19. Determine h(j).
8
Let k(y) = -y**2 - 1. Let z(i) = -3*i**2 + i - 5. Let g(q) = -4*k(q) + z(q). Suppose -u = 3*u - 4. Let r(s) = -s**3 + 1. Let a be r(u). Determine g(a).
-1
Let x(t) = 7*t + 1. Let f(y) = -15*y - 2. Let q(b) = 6*f(b) + 13*x(b). Calculate q(-2).
-1
Let g(m) = m**2 + 6*m - 9. Let t = 6 + -13. Give g(t).
-2
Let i(s) = -s**3 - 5*s**2 + 4*s - 7. Suppose 4*w - 16 = 0, -2*w - 6 = 5*z + 16. Calculate i(z).
5
Let s(q) be the second derivative of -q**4/12 - 2*q**2 - 14*q. Determine s(3).
-13
Let r(f) = 2*f + 2. Let k be r(-1). Let b(y) = -y**3 + y**2 + 13. What is b(k)?
13
Let y(n) = -21*n + 1. Let p(t) = 2*t**3 + 13*t**2 + 6*t - 1. Let v be p(-6). Give y(v).
22
Let t(l) = -5*l**3 + 5*l**2 + 8*l**3 - 5 - 2*l**3 + 0*l**3. Give t(-5).
-5
Let s(z) be the second derivative of 2*z**3/3 - z**2 - 12*z. Give s(2).
6
Let c(i) = -i**3 + 7*i**2 + 2*i - 9. Let r be c(7). Let l(v) = 2 + r*v + 0*v - 6*v. Determine l(5).
-3
Suppose 2*k - 3 = 5*k. Let a(s) = -s**2 - 2*s - 1. Calculate a(k).
0
Let p(x) = -2*x**2 - x - 1. Suppose 0 = 5*c - 0*c. Let s be (c + 2)*(0 - 2). Let q be (s/(-10))/(2/(-10)). Calculate p(q).
-7
Let c(b) = 3*b - 1. Let m be c(1). Let h = 1 - m. Let j(u) = -7*u**2 + 7*u + 1. Let w(o) = 7*o**2 - 6*o - 1. Let s(p) = 5*j(p) + 6*w(p). What is s(h)?
7
Let q be 3/(-2)*(-8)/6. Let o(l) = 2 - q + l. Suppose -s - 4*g - 20 = 0, -6*g + g - 4 = -4*s. Calculate o(s).
-4
Let k = 47 - 1127/24. Let h(g) be the third derivative of 3*g**2 - k*g**4 + 1/15*g**5 + 2/3*g**3 + 1/120*g**6 + 0*g + 0. Determine h(-4).
8
Let b(j) = 3*j - 10. Let g be b(5). Let k(i) = -i**2 + 5*i - 5. Determine k(g).
-5
Let k = -115 + 109. Let m(h) = -h**3 - 2*h**2 + 6*h + 2. Let r(c) = c**3 + c**2 - 6*c - 3. Let p(u) = 4*m(u) + 3*r(u). Calculate p(k).
-1
Suppose h - 18 = -2*h. Let f = 33 + -30. Suppose -f*b = -h*b - 15. Let l(w) = w**2 + 5*w + 3. Give l(b).
3
Let d = 7 - 11. Let t = 0 - d. Let v(y) = 7*y**3 - 10*y**2 + 15*y + 5. Let k(a) = 3*a**3 - 5*a**2 + 7*a + 2. Let l(s) = -5*k(s) + 2*v(s). Calculate l(t).
-4
Suppose -2*o - 9 = a, -o - 29 = 5*a - 2. Let w(j) = -j**2 - 7*j + 1. What is w(a)?
11
Suppose -5 = 3*j - 20. Suppose 3*i - j*i + 2 = 0. Let z(k) = -4*k. Calculate z(i).
-4
Let d = 2 - 0. Let t be 0 - (d + -3)*-4. Let g(c) = -c**3 - 4*c**2 - c - 1. Determine g(t).
3
Let y(a) = -3 + 17*a + 2 - 6 - 18*a. Let j be (-9)/(-21) + 21/(-49). What is y(j)?
-7
Let n(m) = m. Suppose -4*k = -51 - 57. Suppose -5*w = k - 2. Give n(w).
-5
Let a = -11/4 + 3. Let t(z) be the first derivative of 2/3*z**3 + a*z**4 + z**2 - z - 4. Give t(-2).
-5
Let i(h) = h**2 - 1. Let s(j) be the second derivative of -5*j**4/12 + j**2 + 3*j. Let m(f) = 6*i(f) + s(f). Let b = 11 + -8. Determine m(b).
5
Let f(b) = 6*b. Let k be 2/(-7) - (-100)/7. Suppose -3*u + 20 = 4*r, 0 = -5*r - u - 0*u + k. Give f(r).
12
Suppose 0 = -5*w + 2*w. Let s(f) = 4 - f**3 + 3*f + 4*f**2 - 2*f - 3*f**2. Determine s(w).
4
Let m(j) = j**3 + j**2 - 2*j - 2. Let k be 3 - (2 + -2 + -2). Let q = 6 + -4. Suppose -6*d + s = -2*d + k, 4 = -5*d + q*s. Give m(d).
-2
Let m(a) = -3*a**2 - 6*a + 1. Let w(o) = 4*o**2 + 7*o - 1. Let b(y) = -3*m(y) - 2*w(y). Determine b(-5).
4
Let j = -18 - -23. Let q(h) = h**3 - 6*h**2 + 4*h + 2. Determine q(j).
-3
Let m(u) = -u**3 - 2*u**2 - u + 1. Let g(c) = -c**2 + 9*c + 2. Let p be g(9). Determine m(p).
-17
Let g(b) be the first derivative of b**3/3 - b**2/2 + 7*b + 4. Let l = -1 + 1. Let t be l*(1 - 2/4). What is g(t)?
7
Let s(f) = f**3 + 3*f**2 + 3*f + 2. Suppose 69 + 101 = 5*d. Suppose -5*k = 4*p - 61, 3*k - 8 = 3*p + d. Suppose -5*j = -3 + k. What is s(j)?
0
Let q(m) = m**2 + 8*m + 9. Let w be q(-7). Let h(z) = 5 - z + 13*z**w - 3*z - 14*z**2 + 0. Calculate h(-5).
0
Suppose -5*i = -2*i - 27. Suppose 1 + 17 = -3*h. Let c = i + h. Let s(r) = 3*r - 4. What is s(c)?
5
Let f(n) = 14*n**3 - 5*n**2 + 14*n - 11. Let t(x) = 5*x**3 - 2*x**2 + 5*x - 4. Let s(p) = -4*f(p) + 11*t(p). Let w = -6 - -8. Let l = 1 - w. Determine s(l).
0
Let r(k) = -4*k**2 - 3*k + 3. Let a(d) = -9*d**2 - 7*d + 7. Let i(l) = 3*a(l) - 7*r(l). Suppose 6 = -2*f - 5*c, 0 = 3*f - 5*c + 2 + 7. What is i(f)?
9
Let l(r) = r**2 + 2*r - 4. Let t be l(-3). Let u(c) = -5*c. Give u(t).
5
Let k(y) = y + 7. Let b(h) = h**3 - 6*h**2 + 3*h + 5. Let g be b(5). Let v = -11 - g. Determine k(v).
1
Let r(h) be the second derivative of -h**3/3 + 5*h**2/2 + 8*h. Calculate r(5).
-5
Let k(o) = 3*o**2 + 5*o + 1. Let t(v) = 7*v**2 + 11*v + 3. Let x(l) = 5*k(l) - 2*t(l). Determine x(-5).
9
Let q(z) = -53*z**2 + 0*z**3 + z**3 + 52*z**2 + z. Give q(0).
0
Let o(k) = 2*k**3 - 4*k - 3*k**3 + 1 + 3*k**2 + 2*k**2. Let r(t) = -16*t - 1. Let f be r(-1). Suppose -3*h - 2*h + f = 0. Determine o(h).
7
Suppose -4*m = m. Suppose 5 = -m*a + a. Let k(c) = -a + c + 2*c - 2*c. What is k(5)?
0
Suppose -2*l + 55 = 3*l - 4*f, -20 = -2*l + 2*f. Suppose l = 7*v - 2*v. Suppose v*r = r. Let q(i) = -i - 7. Give q(r).
-7
Suppose -w + 2*w = 0. Let t = w - -3. Let d(g) = -g**2 - 2*g + 4. Give d(t).
-11
Let n(x) be the second derivative of 0 + 0*x**2 - 2/3*x**3 + x. Let h(u) = 21*u - 1. Let w(f) = -2*h(f) - 11*n(f). Give w(-5).
-8
Let q be ((-5)/(10/(-4)))/2. Let c = q + 4. Let b = c - 1. Let m(v) = -2*v + 4. Give m(b).
-4
Let d(s) = -2*s**3 - 2*s**2 - s - 2. Suppose -9 = 3*u + 3*x, 22 = -5*u - x - 13. Let a(o) = -2*o - 18. Let r be a(u). Calculate d(r).
8
Let w(a) be the first derivative of 3 + 0*a + 1/2*a**2 + 1/3*a**3. Let m = -2 + 4. Determine w(m).
6
Suppose 8 = 4*u - v, 4*v + 5 + 5 = 5*u. Suppose -2*t + 16 = h + u*t, -3*h + 20 = 5*t. Suppose c + h + 1 = 0. Let j(y) = 5*y + 1. Calculate j(c).
-4
Let s(u) = u + 4. Let c be s(-7). Let m(a) = a + 4. Determine m(c).
1
Let k = -47 - -40. Let d(z) = -z**2 - 7*z + 4. Determine d(k).
4
Let s(r) = -5*r**2 + 9*r - 3. Let w(a) = 9*a**2 - 17*a + 5. Let k(u) = -7*s(u) - 4*w(u). Give k(6).
-5
Let r(k) = k. Let g(t) = -5*t - 1. Let j(q) = -g(q) + 3*r(q). Give j(-3).
-23
Let g(t) be the third derivative of -t**4/24 - t**3 + t**2. Let o = 19 + -24. What is g(o)?
-1
Let l(k) be the third derivative of -k**4/24 - 8*k**3/3 - 8*k**2. Calculate l(0).
-16
Let m(i) be the first derivative of -7 + 2*i - 1/2*i**2. Give m(-4).
6
Let d(f) = f**3 + 21*f**2 - f - 16. Let u be d(-21). Let c(s) = -s**3 + 5*s**2. What is c(u)?
0
Let q(z) = 6*z**2 + 1. Let x(n) = 17*n**2 + 3. Let m(j) = 8*q(j) - 3*x(j). What is m(1)?
-4
Let k(s) = -s - 7. Let t be k(-5). Let b = 1 - t. Let f(m) = -2*m. Give f(b).
-6
Let y(z) = -3*z - 1. Let j be 3 + 2*-1 + 1. Suppose 2*x + j*x - 3